ulate (-1 - (2 + 6)) + (28 - 18).
1
What is the value of -15 + -2 - (-161 - -135)?
9
1 + -2 + 10 + -6 + -12
-9
What is the value of 7 + (-4 - ((-5 - -10) + -9))?
7
-2 + (-13 - 19) + 20
-14
What is the value of 18 + (4 + -7 - 3)?
12
What is the value of -1 + 1 + 0 + (-16 + 12 - -16)?
12
What is 12 + (-2 - 9) + 13?
14
Evaluate 3 - (67 + -28 + -43 - (4 + 0)).
11
What is the value of -10 - 5 - -3 - 7?
-19
Calculate (3 - 0) + 3 + 0 + -2 + -19.
-15
What is 4 + (-7 - (-10 - (-16 - -6))) + 36?
33
What is the value of -6 + 12 + (-18 - -11)?
-1
What is 14 - (-8 - 4 - -17)?
9
Calculate 0 + 36 - (-2 - (-9 - 6)).
23
(-31 - -34) + -41 - -68
30
Calculate (-24 - -10) + 6 + (11 - 0).
3
Calculate (6 - 13) + 10 + -5 + -7.
-9
What is the value of 99 - 104 - (-7 - (6 - 3))?
5
Evaluate (-8 - (-7 - 10)) + -6 - (2 + -19).
20
Evaluate 18 + -8 + -7 + -32 - (2 + -8).
-23
Calculate 1 - ((8 + -3 - -8) + 15).
-27
What is 7 - (7 + (1 - (5 + 5))) - 14?
-5
What is -3 + -1 + 3 + 3 + 3?
5
What is the value of -26 + 25 - (3 + -16 - -5)?
7
Evaluate (0 - 11) + 11 - -14 - 26.
-12
3 + 1 + (33 - 42 - -13)
8
What is the value of (0 - 24) + (1 - -13)?
-10
Calculate -5 - (-10 + 4 + 10) - -21.
12
Calculate 6 - 4 - (3 - (3 - 10)).
-8
What is 13 + (-1 + -15 - (12 + -12 + -7))?
4
-14 + (17 - 8) + 20
15
What is -8 - (0 + 8 + -8)?
-8
(11 - (41 - 13) - -26) + 1 + -8
2
Evaluate 2 + 0 - (-34 + 2 - (-101 - -93)).
26
15 - (6 - -8) - 0 - 8
-7
What is the value of -1 + -1 + (-1 + 13 - 3 - 24)?
-17
What is the value of (-10 - (11 - (-5 + 10))) + 2?
-14
14 + (6 - 10) + -17 - (1 + -3)
-5
What is -11 - -1 - (-66 + 69)?
-13
Calculate (-8 + 9 - -12) + (26 - 6).
33
Calculate 6 + (-8 - (-2 + 2) - (4 + -3)).
-3
14 + 11 + -3 + -23 + -8
-9
What is the value of -14 + (0 + -8 - (17 - (26 + -2)))?
-15
What is 1 + -7 + (34 - (34 + -21))?
15
Evaluate -13 - (14 + 2 + (-15 - -7)).
-21
-21 - -24 - (-13 - -9)
7
728 - 716 - (-3 + 2 - 2)
15
Calculate -5 - -8 - 13 - (-2 + -3 + 3).
-8
Evaluate (22 - 42 - 25) + 24.
-21
Evaluate 1 + 30 - (60 - 11).
-18
Calculate 1 + -19 + (11 - (10 + -7 + 0)).
-10
What is the value of -3 + (-1 - (6 - 0) - -1) + 13?
4
Evaluate (-6 - -6) + 5 + (4 - 13) + -2.
-6
What is 16 + -9 + (9 - 7) - (5 - -27)?
-23
What is the value of -6 + (4 + -13 - (-12 - 25))?
22
What is the value of -3 - (-1 - (-4 + 4)) - (1 + -16)?
13
What is -28 + (1 + 2 - (-9 - 4 - -8))?
-20
What is the value of 11 - (-20 + 13 - (-9 - 0))?
9
9 + -29 + -1 + 2 + -4 + 9
-14
Calculate -3 - (3 - 8) - ((16 - 17) + -2).
5
-1 + (12 - 3) + -2 + -3 + -16
-13
What is -108 + 96 - (-4 + -1)?
-7
Evaluate 10 + (7 - 11) - (-11 - (2 - 5)).
14
What is 1 - -9 - 5 - 0 - 15?
-10
What is the value of (-84 - -87) + -5 + 0 + -3?
-5
Evaluate -19 - ((-13 - (3 + 3)) + 6).
-6
16 - (4 + -4 + 0) - (-21 - -28)
9
Evaluate -19 - (-7 + 9) - -18.
-3
Calculate -2 - (-2 - (15 - (-7 + 5))) - 1.
16
6 - ((19 - 1) + (39 - 14 - 24))
-13
Calculate 57 + -29 + -36 + (21 - 0).
13
What is the value of 1 + 1 - ((-73 - -83) + 0 + -16)?
8
What is the value of 8 + 1 + -2 - (34 + -17 + -17)?
7
Calculate -10 + 9 - (5 + (4 - -13)).
-23
(-4 - -1) + (-3 - -1 - -12) - 12
-5
What is 1 + 0 + -30 + 18 + 21?
10
What is the value of 6 - 17 - (46 + -56)?
-1
What is the value of -3 - -3 - (11 - (3 - (-3 + 3)))?
-8
Evaluate (34 - 43) + 8 - (-1 + -1 + -13).
14
31 + -47 + 1 + 1 + -1
-15
Calculate (11 - 10) + -11 - -9.
-1
What is the value of -10 + (-2 + 0 - -5) + 29?
22
Calculate -16 - (-8 + -5) - 5.
-8
Calculate (4 + 2 - 3) + 3 + (3 - 8).
1
What is the value of -20 + 3 + (1 - 7) + 11?
-12
Evaluate -5 + (16 - 7 - 8).
-4
Evaluate 15 + -1 + (-2 + 4 - -2 - 6).
12
Evaluate 4 + (-1 + -5 + 4 - (19 + -5)).
-12
Evaluate -13 + (0 + 8 - (51 - (-26 - -61))).
-21
(10 + -12 + 2 - (-7 + -1)) + -17
-9
What is -36 - -53 - (-3 - 0)?
20
Evaluate 5 + -9 + 12 + -27.
-19
(-1 + 1 - 17) + (236 - 236) - 2
-19
What is the value of 9 + (-3 - 1) + 1 - 3?
3
What is (13 - (8 + -2) - 6) + -9?
-8
What is (5 - 0) + (21 - (-28 + 57))?
-3
What is -2 + -8 - (-9 + 7 + 3 + 7)?
-18
What is -8 - (29 + -13 + (17 - 16))?
-25
Calculate -24 + (-3 - (-1 + -8)).
-18
What is -6 + (-3 + -1 - -9 - 8) + 5?
-4
What is 134 + -150 - ((3 - 6) + -8)?
-5
Evaluate -232 - -199 - (-2 + (1 - 3 - 0)).
-29
What is the value of 43 + (-37 - (41 - 40))?
5
Evaluate -7 + 3 - (-28 + 36).
-12
What is (52 - 26 - 19) + (-5 - -1)?
3
What is the value of -537 + 510 + (21 - 1)?
-7
Calculate 44 - 49 - (-3 - 3).
1
What is -10 - (-4 - -3 - -1) - -7 - 21?
-24
Calculate 0 + 7 - (11 + (10 - (14 - 3))).
-3
-2 + 8 + -1 + (-1 - 6) - -13
11
What is the value of -12 + -20 + 32 - (34 + -4 - -1)?
-31
0 - ((-24 - -22) + 20)
-18
What is 1 - (0 - 2 - (13 + -22 + -18))?
-24
36 + -21 - 52 - -25
-12
Evaluate (-1 - -4) + (5 - -10 - 10) + -3.
5
What is -1 + (1 - -14) - (-5002 + 4989)?
27
What is 154 + -149 - (8 + 3)?
-6
(-33 - 2) + (30 - 9) + 7 + -18
-25
Calculate 45 + (16 + (-23 - 5) - 3).
30
What is (9 - 1) + -11 + 62 + -64?
-5
Evaluate -3 + 29 + -16 + 0 + -10.
0
What is 31 + (-28 - 20) - -35?
18
Evaluate (-26 + 20 - (-10 - 1)) + -3 - -6.
8
What is 7 - (9 + 21 + 3)?
-26
Evaluate 8 + (-4 + 2 - 7 - (50 - 59)).
8
-5 + (-5 - (-5 - -8))
-13
Calculate (18 - 11) + 11 + -5 + -16.
-3
8 + 0 + -5 + -15 + 11 + 6
5
What is the value of (9 + -1 - 14) + 7?
1
What is the value of -14 + 40 - (-3 - -10)?
19
(-13 - (2 - 5)) + 31
21
Calculate 0 + (-1 - 17) + (37 - (13 - -20)).
-14
-4 + 4 + 6 + 6
12
What is -7 + (0 - -1) - (1 + -5)?
-2
(-39 - -14) + 36 - (1 + 10)
0
-15 + 19 + -6 - (-1 - -2)
-3
Calculate (-1 + -2 - 0 - (24 - -15)) + 12.
-30
(9 - (-51 - -70 - (1 - 2))) + 8
-3
(14 - (2 - 5)) + (-10 - 5)
2
2 - 1 - (31 + -25) - -3
-2
What is the value of -5 + -2 + (-55 + 57 - (-1 - -3))?
-7
Calculate (10 - -16) + -4 + -20.
2
Calculate -1407 - -1418 - (-1 + 18).
-6
What is -6 + (-6 - (4 + -3 + -5)) + 15?
7
Evaluate 7 + -7 - (-2 + 15 - 10).
-3
Calculate 0 - (12 - (-2 + (1 - -1) + 5)).
-7
What is 2 + 0 - (15 + -29 + 10 + 0)?
6
-21 + 5 + 13 + -1 - (-4 + 0)
0
Evaluate -9 - (-7 - (-9 + 4)).
-7
Evaluate 41 + -26 - (2 + 6).
7
Calculate 6 + -8 + 25 + -30.
-7
What is the value of (0 + -20 + 15 - -8) + (-1 - 6)?
-4
-4 + 9 - (-1 - -12)
-6
Calculate 12 - ((-21 - (10 - 17)) + (8 - 0)).
18
What is the value of -4 + 5 - (-5 + -9 + 17)?
-2
What is (15 - 2) + (53 - 74)?
-8
Evaluate -9 + 0 + -17 + (26 - 24).
-24
-3 - (1 - 23) - (-23 - -28)
14
15 + (-3 - (16 + -20))
16
What is the value of 7 + 12 + (15 - 24) + 12?
22
What is the value of 22 - (-43 + 71) - -26?
20
-2 + 0 - (32 - 20 - 35 - -20)
1
What is (34 - (12 + -1)) + -3?
20
Evaluate 23 - (-2 + (7 - 2)).
20
-7 + ((20 - 8) + -3 - (0 + 32))
-30
What is -7 - (-27 + 5) - (-36 + 33)?
18
(2 - 12) + (158 - 152)
-4
What is the value of 2 - ((-6 - (-25 + 11)) + -6 + 9)?
-9
0 + 9 + -2 + -5 + 7
9
What is 125 - 133 - (0 + 0 + -19)?
11
Evaluate 19 - (-3 + -6 + 17) - (2 - -20).
-11
Evaluate 58 + -58 - (3 + (6 - (-3 - -6))).
-6
What is (22 - 38) + 0 + 4?
-12
Calculate 1 + 0 + 3 - (49 + -27 + -8).
-10
What is the value of 8 + 52 - 24 - 0?
36
What is the value of 23 - 17 - (11 + 4)?
-9
Evaluate (12 - 5) + (7 - (-1 + 8)).
7
Evaluate 6 + 1 + (9 - (26 + -3 - 4)).
-3
Calculate 0 + (-1 - 14 - (57 + -58)).
-14
Evaluate (6 - 3) + (11 - 8) + 1.
7
What is -6 + (14 - 28 - -5)?
-15
(21 - (-16 - -41) - (3 + -1)) + 10
4
Evaluate (15 - (-41 + 63)) + (-1 - 0) + -2.
-10
(-2 - 19) + (-124 - -128)
-17
(-1 + -3 - -5) + -11 - (-5 + -20)
15
Evaluate (-3 - 8 - -4) + 31.
24
What is (2 - 11) + (-1 - 11 - -3)?
-18
What is -19 + 6 + (-5 - -15)?
-3
Evaluate -7 + (-8 - -8) + -2 + (3 - -11).
5
What is (-18 - (-63 + -3)) + -23?
25
What is the value of 22 + 2 + -15 + 10 + -2 - -1?
18
Evaluate (22 - 16 - 8) + -5.
-7
Calculate (-3 - -11) + (-21 - -14).
1
Evaluate 2 + -2 + -3 + (1 - (-3 + 2)).
-1
What is (-4 - (4 + -17)) + (5 - (3 + -11))?
22
What is the value of 18 + -16 + (-14 - (-5 + 8))?
-15
Calculate (-27 - -16) + 15 + -11 + 36.
29
What is the value of (22 - (-5 - (-11 - -5))) + -6 + 2?
17
What is the value of -15 + -23 + -19 + 30?
-27
Evaluate (-31 + 4 - -17) + (6 - (1 - 2)).
-3
What is the value of 18 + -41 - (-32 - -25)?
-16
What is the value of (18 + -39 + 15 - -22) + -27?
-11
Evaluate -42 + 47 - (17 + 1).
-13
22 - ((21 - 23) + 16)
8
Evaluate -81 + 62 + 17 - (-1 - 8).
7
What is the value of -3 + 7 + -8 + -7 + 8?
-3